 7?
5
Suppose -134 = -3*h - g - g, -214 = -5*h - g. Suppose -6*a + 3*a = h. Calculate the remainder when 2/a - (-2280)/84 is divided by 10.
7
Suppose -v - 2 = -a + 13, 3*a = 5*v + 49. Suppose 0 = -2*t + 5*o + 76, 0 = t + 3*o - 54 + 16. Calculate the remainder when t is divided by a.
12
Suppose 8*q - 220 = 3*q. Suppose 0 = 4*u - 4*x - 44, 15 = u - 4*x + 1. Calculate the remainder when (q - 1) + 2 + 2 is divided by u.
7
Suppose 5*q - 2*q - 2*a = 142, 0 = 4*q - 5*a - 201. What is the remainder when 122 is divided by q?
34
Suppose 2*n = 3*k - 71, -2*k + 4*k - 2*n - 44 = 0. Let l = 39 - k. What is the remainder when l is divided by 2?
0
Suppose -4*s - 78 = -5*v + 98, -5*v - 5*s = -185. Suppose 28 = 4*b - v. Calculate the remainder when 77 is divided by b.
13
Let s(r) = -r**2 - 5*r - 3. Let k be s(-3). Suppose 0 = -k*f - 5*i + 16, 5 = 4*i + 21. Calculate the remainder when 35 is divided by f.
11
Let v be (9 + -1)/(28 - 26). Suppose k - v*k = -12. What is the remainder when k is divided by 3?
1
Calculate the remainder when 33/(-66) - (-181)/2 is divided by 29.
3
Suppose -5*x = 2*w - 53, w = 3*x - x + 4. Let a be ((-1)/(-1) - 2) + 1. Suppose a = -5*q + 36 - 6. What is the remainder when w is divided by q?
2
Let r = -291 + 313. Calculate the remainder when r is divided by 11.
0
Suppose -2*w + a = -2*a - 21, -5*w - 2*a = -5. Suppose 3*v - v - 4*b = 60, -6 = 3*b. Calculate the remainder when 1/(-2 + v/12) is divided by w.
0
Let f(j) = -7*j + 2. Let n(m) = -7*m + 2. Let v(b) = 3*f(b) - 2*n(b). What is the remainder when v(-6) is divided by 24?
20
Suppose 2*m + 5*b - 22 = -19, -5*b + 21 = 4*m. What is the remainder when m is divided by 4?
1
Suppose 3*y + 12 = 57. Suppose 2*a - y = -5. What is the remainder when a is divided by -1 + 6/(4/8*4)?
1
Suppose -35 = -9*r + 46. What is the remainder when 35 is divided by r?
8
Let s(a) = 2*a**3 + 11*a**2 + 2*a + 1. What is the remainder when 62 is divided by s(-5)?
14
Suppose -5*u - 4*m + 25 = 0, -2*u - 4*m = -5*u + 15. Suppose -u*g = 2*g - 49. Calculate the remainder when 12 is divided by (3 - (4 - 2))*g.
5
Suppose 0*k - 2*k = -16. Let r(s) be the first derivative of -s**4/4 - s**3/3 + 13*s - 3. Calculate the remainder when r(0) is divided by k.
5
Suppose -5 = 4*u - 3*j + 3, 3*j - 7 = 5*u. Let v(g) = 11*g + 3. Let c = 57 - 31. What is the remainder when c is divided by v(u)?
12
Let b = 963 + -954. What is the remainder when 167 is divided by b?
5
Let m(w) = -w**3 - 24*w**2 + 52*w + 35. What is the remainder when 450 is divided by m(-26)?
30
Let f = 33 + -23. Let x = 22 - f. What is the remainder when 35 is divided by x?
11
Let v(x) = -4*x - 10. Let k(n) = 2*n - 1. Let b(q) = 3*k(q) - v(q). Let w = 31 + -19. Calculate the remainder when b(4) is divided by w.
11
Let v = 70 + -10. Suppose -5*b = -0*b - v. Suppose -2*m + 0*u = u - 14, -3*u + b = 0. Calculate the remainder when 19 is divided by m.
4
Let d be ((-2)/(-2))/(3 + 148/(-48)). Let x(w) = w**2 + 3*w + 5. What is the remainder when x(d) is divided by 29?
26
Calculate the remainder when 1071/12 - 1*(-5)/(-20) is divided by 31.
27
Let g(l) = 3*l - 3. Let u be g(13). Let i = 51 - u. What is the remainder when 57 is divided by i?
12
Let v(t) = 31*t**2 + 4*t + 4. Let c be v(-1). Suppose 3*k = 15, -3*k + 2*k = -3*w + c. What is the remainder when 47 is divided by w?
11
Suppose -z = 4*v - 124, -3*v + 14*z - 16*z + 98 = 0. Calculate the remainder when 387 is divided by v.
27
Suppose 0 = -4*m + r + 66, -3*m + 4*m - 24 = 4*r. Calculate the remainder when 145 is divided by m.
1
Let f = 7 - 5. Let w be 1/((-428)/(-212) - f). Suppose b = 5*p + w, -6*p + 2*p = 20. What is the remainder when b is divided by 15?
13
Let v = 19 - 14. Let i(q) = q**3 - 4*q**2 - 5*q + 5. Let g be i(v). Let p(x) = 7*x - 2. What is the remainder when p(g) is divided by 12?
9
Suppose -c + 0 = -4. Suppose u + 15 = c*u. Let k = 562 - 553. Calculate the remainder when k is divided by u.
4
Let b = -493 - -504. What is the remainder when 140 is divided by b?
8
Suppose -21*o + 98790 = 9*o. What is the remainder when o is divided by 16?
13
Let x(n) be the second derivative of 5*n**3/6 + n**2 + 7*n. What is the remainder when x(4) is divided by 5?
2
Let j = -1329 - -1353. What is the remainder when 159 is divided by j?
15
Suppose 4*q - 29 = 3*c - 6*c, c - 18 = -3*q. Suppose -n + 13 = r, r = 6*r + q. Let u = n + -2. Calculate the remainder when 35 is divided by u.
11
Suppose -4*w = -6*u + 154, 0 = 3*w - 4*w + 5. Calculate the remainder when 256 is divided by u.
24
Let v = 690 + -649. What is the remainder when 104 is divided by v?
22
Suppose 0*s - 5*f = -2*s + 1, f = 4*s - 11. Let k(z) = 2*z**3 + 4*z**2 + 2*z - 3. Calculate the remainder when k(s) is divided by 24.
21
Let p(c) = -25 - 6*c + 2*c - 3*c**2 + 13 + 4*c**2. Calculate the remainder when p(-8) is divided by 22.
18
Suppose -2685 - 876 = -3*w + 4*p, 2*p = 2*w - 2372. What is the remainder when w is divided by 37?
36
Suppose -13*d = -14*d + 8. Suppose 77 = d*p + 3*p. Calculate the remainder when 24 is divided by p.
3
Suppose -3*r + 7*r - 40 = -z, r + z = 7. Let b be (2/1)/((-2)/(-4)). What is the remainder when -2*1*(-86)/b is divided by r?
10
Suppose c + 5*m = 27, -5*c + 0*m + 111 = m. Suppose 3*z = -2*z + f + 44, -f - 4 = 0. What is the remainder when c is divided by z?
6
What is the remainder when 3 is divided by (4/12)/((-7)/84*-4)?
0
Let n(w) = -3*w**2 - 2*w - 6. Let m(x) = 5*x**2 + 4*x + 13. Let d(l) = -4*m(l) - 7*n(l). What is the remainder when 1 + 1 + -1 + 12 is divided by d(5)?
3
Let g = 27 - 95. Let k = -61 - g. Calculate the remainder when k is divided by 3.
1
Let r be (-2)/2*(0 - 0). Suppose r = -2*f - 11 + 29. Suppose 3*n - 23 = -5*q, 68 = 3*n - 8*q + 4*q. What is the remainder when n is divided by f?
7
What is the remainder when 96 is divided by 0 + 3/(-1) + 37?
28
Let g = 15 - 8. Suppose 78 = g*u - u. Suppose -u = -4*o + 19. What is the remainder when o is divided by 6?
2
Let z(v) = -3*v**2 - 88*v + 5. Suppose 2*d - 57 = 21. What is the remainder when z(-29) is divided by (1 + d/(-12))*-4?
7
Let y = 609 - 413. Calculate the remainder when y is divided by 103.
93
Suppose -5*x + 26 = l - 95, 92 = 4*x + 2*l. What is the remainder when 4347 is divided by x?
22
Suppose -1 = -2*l + 5. Suppose l*f = 42 + 39. Suppose -3*x - 30 = -3*w, -3*x = -3*w + x + f. What is the remainder when w is divided by 4?
1
Let s(d) = 6*d**3 - 4*d**2 + 4*d - 2. Let a = 84 - 74. Calculate the remainder when s(2) is divided by a.
8
Let r(c) = c**3 + c + 2. Let s be r(0). Suppose 152 = -s*u + 6*u. Let g = u - 9. Calculate the remainder when g is divided by 10.
9
Let u(h) = 25*h**3 + h - 3. What is the remainder when u(1) is divided by 13?
10
What is the remainder when (-5 - -7) + 6 + 160 is divided by 80?
8
Suppose 23*g - 30 = 18*g. Calculate the remainder when ((-3)/g)/((-4)/104) is divided by 7.
6
Let k(g) = 5*g**2 + 6*g - 5. Let j = 95 + -70. Calculate the remainder when k(4) is divided by j.
24
Let h(o) = -o**3 + 17*o**2 + 24*o - 29. Calculate the remainder when h(18) is divided by 16.
15
Let a(q) = -q**2 - 6*q - 3. Let i be a(-8). Let h = -13 - i. Calculate the remainder when h is divided by (-3)/3 - -3 - -3.
1
Let h = -57 + 79. Suppose 5*d + 112 = 4*s, -3*s + d + h = -62. Let o(v) = -v**3 + 4*v + 1. Calculate the remainder when s is divided by o(-3).
12
Calculate the remainder when 187 is divided by 40/2 + 56/(-14).
11
Let u = -153 + 180. Calculate the remainder when u is divided by 5.
2
Suppose g - d = -3 + 58, 0 = 2*g + 5*d - 96. Calculate the remainder when g is divided by 41.
12
Let x = 1 - 1. Suppose -a - 44 + 90 = x. What is the remainder when 180 is divided by a?
42
Suppose -4*x - 566 = -12*t + 9*t, 2*x = 5*t - 934. Calculate the remainder when t is divided by 38.
34
Let h(v) = 3*v**2 - 5*v - 2. Let q be h(4). Let u be (-92)/(-9) - q/117. Let i = -2 + u. Calculate the remainder when 22 is divided by i.
6
Let i = 1830 + -1782. Calculate the remainder when 92 is divided by i.
44
Let j(t) = -2*t**3 - 5*t**2 - t - 20. What is the remainder when 989 is divided by j(-4)?
29
Calculate the remainder when 1/(7/(-7 - -1148)) is divided by 14.
9
Suppose -3*u - 11 = 4*v, -13 = 3*v + 2. Let f = 7 - u. Suppose 19 - 7 = f*s, 0 = -5*h + 5*s + 55. What is the remainder 